*y - 1533 - 7 = -3*y. Let i be ((-2)/(-5))/(4/360). Let m = -8 + i. What is the highest common divisor of m and y?
28
Let z be 2/(-1 + -3)*-6. Let a(i) = i**3 + 6*i**2 - 38*i - 207. Let s be a(-6). Calculate the greatest common divisor of s and z.
3
Suppose -5*p = -4*y - 2778375, -4*p = y - 4*y - 2222700. Let n be ((-26)/(-12) - 2) + p/450. Calculate the highest common divisor of n and 65.
65
Let f = 118 + -103. Let r be ((-66)/4)/11*(-10)/3. Let c be ((-7 - r) + 5)*6/(-14). What is the greatest common factor of f and c?
3
Suppose g - 3349 = -2*r, 14786 - 1376 = 4*g + r. What is the highest common divisor of g and 42?
7
Suppose -9*l = -121990 - 123229 - 137722. What is the greatest common factor of 39 and l?
39
Suppose -5*h + 4300 + 12320 = 0. What is the highest common divisor of h and 84?
12
Let d be 1 + -3 + 6/15*5. Suppose d = -2*m - 25 + 85. Calculate the highest common factor of m and 6.
6
Let w = 45519 + -45494. Let g be 340/6*15/2. What is the highest common factor of w and g?
25
Let c(r) = -r**2 - 12*r. Let q = -2 + -10. Let f be c(q). Suppose -4*z + 18 + 14 = f. What is the greatest common factor of z and 4?
4
Let x be (4/6)/(4/6). Suppose -11*o + 1452 = 11*o. Suppose -15*b + 21*b = o. What is the highest common factor of x and b?
1
Suppose -3*c = 15, 0 = 4*s - 3*c - 649 - 1326. Calculate the highest common factor of 160 and s.
10
Let c(a) = -132*a**2 - a + 133*a**2 + 50 + 3. Let z be c(-8). What is the highest common factor of z and 25?
25
Suppose -2*w + h = -4*h - 269, 4*w - 524 = -4*h. Let d = 54 - 60. Let v be 714/63 - 4/d. Calculate the highest common factor of w and v.
12
Suppose -3*q + 9*l + 13485 = 10*l, -l = 5*q - 22473. Calculate the greatest common factor of 84 and q.
42
Let y be 1 + -7 + ((-116)/29 - -945). What is the highest common divisor of y and 136?
17
Suppose -5*p + 2*p = 9. Let w(c) = 2*c**2 - 3*c - 10. Let i be w(p). Let s = 11 + i. Calculate the highest common divisor of s and 42.
14
Suppose 0 = -4*i + 5*n + 50, -3*i = -0*i - 5*n - 40. Suppose 5563 = 85*c - 17302. Suppose w + 249 = c. What is the highest common divisor of i and w?
10
Suppose -23713 = -20*d + 41027. Calculate the greatest common divisor of d and 117.
39
Let s = 274 + -154. Let j be s/(-150) + 24/5. Suppose j*h = 2*d + 32, -d + 2 + 18 = 4*h. What is the highest common factor of 15 and h?
3
Let q(v) = -15*v - 2. Let c be q(-2). Let m(b) = 3*b**3 - 228*b**2 + 223*b + 206. Let r be m(75). What is the highest common factor of c and r?
28
Suppose -36*c = 25*c + 33*c - 59784. What is the highest common factor of 11130 and c?
318
Let p(d) = -d**3 + 66*d**2 - 710*d - 105. Let t be p(50). What is the greatest common factor of 60 and t?
15
Let m = -43 - -79. Suppose p + 179 = 5*h, 3*h - 74 = 3*p + 31. Suppose 0 = 5*j - h - 9. What is the highest common factor of j and m?
9
Let b = 2039 + 551. Suppose -36*z + b = -26*z. What is the greatest common divisor of 74 and z?
37
Suppose -20*s + 162*s = -26*s + 840. What is the highest common divisor of 24980 and s?
5
Suppose -3*x + 0*x = -60. Let a = -163 - -156. Let b be 2*a/((-42)/24). What is the greatest common factor of b and x?
4
Let l be (-3 - (-34)/(-6))*(-3)/2. Suppose 5*x + 25 = b, 20 = -7*b + 2*b - 4*x. Suppose -4*o + 572 = -b*o. Calculate the greatest common divisor of o and l.
13
Suppose 0 = -5*b + a + 5 - 68, -3*a = -b - 21. Let k be (-347)/(-3)*1 - (-8)/b. Suppose -j - k = -6*j. What is the greatest common factor of 46 and j?
23
Suppose -2*n - 202 = -5*b + 242, 2*b = n + 178. Suppose 12*v = 2*v - 6*v + 176. What is the greatest common factor of v and b?
11
Let s be (4/6)/((-8)/(-180)). Suppose -5*o = 3*y + 1, -6*o + 2*y + 8 = -2*o. Let n be o + 7/3*s. What is the highest common divisor of n and 12?
12
Let y(u) = 64*u - 108. Let o(l) = -l**3 + 39*l**2 + 38*l + 92. Let i be o(40). Let n be y(i). What is the highest common factor of 60 and n?
60
Let m be (-4)/6 - 11/(-3). Let y = -2178 + 2202. Let g be 2/(16/y*1/m). Calculate the greatest common divisor of g and 9.
9
Suppose -320*g - 194*g + 5549 + 5759 = 0. Let d(f) = -12*f**3 - 1. Let o be 12/(-10) + 2/10. Let y be d(o). What is the highest common factor of y and g?
11
Let p(g) = 44*g - 6. Let f be p(5). Let w be f/10 + (-10)/25. Let l be -2*3/(-24)*-4 + 85. Calculate the greatest common divisor of l and w.
21
Suppose -22*a + 24*a = j - 23, 0 = -2*j + 5*a + 47. Let t be (-1 + 0)*-10 - 1. Calculate the greatest common divisor of t and j.
3
Let a be -2 + (-2 - 6) - -4. Let l be (a - -9) + -4 + 0. Let x be ((-8)/4 - l)/(1/(-4)). What is the highest common factor of 4 and x?
4
Suppose -y - 120 = -122. Suppose -3*w - 2*j - y*j + 1306 = 0, 3*j + 1278 = 3*w. Calculate the highest common divisor of w and 10.
10
Suppose -2*i = 6*i - 88. Suppose -i*v + 4640 = -v. Suppose -3*n = -292 - v. Calculate the highest common factor of n and 28.
28
Let g be 4/(-50) + 35880/1625. What is the greatest common factor of g and 6?
2
Suppose 3*x - 29 = 22. Let q be 187/(10*17/170). Calculate the highest common factor of x and q.
17
Let h be (31/(-93))/((-2)/6). Let i be h/(-4) + 2555/28. What is the greatest common factor of i and 39?
13
Let m(f) = -f**2 + 20*f - 2. Let u be m(24). Let k = -88 - u. Suppose -k*i + 2369 = 269. Calculate the greatest common factor of 30 and i.
30
Let t be 7 + -7 + 1 + 1258 + -4. Calculate the highest common factor of 5 and t.
5
Let r(l) = -5*l**3 + 6*l + 26. Let w be r(0). Calculate the highest common factor of 2912 and w.
26
Let w = -5277 - -5317. Let q(a) = -a + 5. Let v be q(0). Calculate the greatest common factor of v and w.
5
Suppose -4*z = 4*c - 60, -c + 2*z = -0*z - 9. Let t(m) = -62*m + 43. Let v be t(-1). Suppose u - 196 = -v. What is the greatest common factor of c and u?
13
Let c = 1 + 3. Let l be 9/c - 11/44. Let n be (-4 + (0 - -3) - l) + 17. What is the highest common factor of 70 and n?
14
Let p = -99 + 149. Let j = p - 24. Let s = j - 3. What is the highest common factor of s and 115?
23
Let m(d) = -44*d**3 - 2*d**2 - d + 1. Let w be m(-1). Let h = w + -38. Suppose -3*x = 6, h = 2*p + 2*p + 5*x. Calculate the greatest common divisor of 52 and p.
4
Let z = 7 - -410. Suppose 3*m - 253 = -h - 0*h, 3*h + z = 5*m. Calculate the greatest common divisor of 63 and m.
21
Suppose -3*o = -15, -j - 190 = -6*j + 4*o. Suppose 0 = -2*a - 4*p + 48, 0 = a + 3*p - 5 - 19. Calculate the greatest common factor of a and j.
6
Let d = -98 - -138. Let q(t) = t**2 - 4*t - 10. Let l be q(18). Let k = 250 - l. Calculate the highest common factor of d and k.
8
Let s = 115 + -56. Suppose s + 17 = 4*o. Suppose o*j - 624 = 6*j. Calculate the greatest common divisor of 48 and j.
48
Suppose 32 - 11 = 7*a. Let q = -16 + 18. Suppose s + 5*d + 0 = -q, 1 = s + 2*d. Calculate the greatest common factor of s and a.
3
Let m(k) = 57*k**3 - 12*k**2 + 21*k - 44. Let t be m(4). What is the greatest common factor of 1656 and t?
184
Let o be (-15)/(-5) - (-1 + 1). Suppose -q - 2*q = 12, -o*n + 5*q + 29 = 0. Let b = 389 + -371. What is the highest common factor of b and n?
3
Let n be (-157044)/299*-5 + 2*1/(-13). What is the greatest common factor of 4646 and n?
202
Suppose 3*z = 5*b - 330, b - 100*z = -96*z + 83. Let u be (3/2)/(2/12). Calculate the highest common factor of b and u.
9
Suppose 2*n - 4087 = -5*y, 4*y = -53*n + 56*n + 3288. Calculate the highest common divisor of 42 and y.
21
Let i(s) = -67*s - 1450. Let k be i(-22). What is the highest common factor of 520 and k?
8
Let g be (-8)/28 + 439/(-7) + 0. Let s be (-4)/((-56)/g)*8/(-2). Let x(f) = 10*f - 40. Let c be x(s). Calculate the highest common factor of c and 20.
20
Let c = 6 + -28. Let x = 30 + c. Calculate the highest common divisor of 56 and x.
8
Suppose -c + 58 = 5*v + c, 2 = -2*c. Let l = v + -6. Suppose -5*h = -76 + l. What is the greatest common divisor of 2 and h?
2
Suppose 4504 = 53*k - 12456. Calculate the greatest common factor of 15 and k.
5
Let z be 1*24/(-54) - (12212/(-18) - 2). What is the highest common factor of 1105 and z?
85
Suppose -k = 10*k - 297. Let t be k - -5*((-51)/15 + 4). What is the greatest common divisor of 75 and t?
15
Let b be (4/18 - (-12)/(-108))/((-139)/(-2502)). Let o = -67 + 48. Let u be o/(-1) + 0 + -1. What is the highest common factor of b and u?
2
Let o(z) = -2*z**